- 9) + 7 + 9323/1?
2
Let u = 19 - 13. Suppose 2*k + 2*h = -140, -4*h + 7*h = u. What is the units digit of (84/2)/(k/(-48))?
8
Let m be -1 - (4 - 2/2). Let k(z) = -4*z**2 - 4*z - 3. Let r be k(m). Let f = r + 61. What is the tens digit of f?
1
Suppose 1 + 2 = -d - 3*l, -5*d = -3*l - 21. Suppose 5*u - 2187 = -b, -5*b + 1326 = d*u - 9*b. What is the hundreds digit of u?
4
What is the ten thousands digit of 3/(9/(-24)) + (17010 - 30)?
1
Suppose 4*d + 5 = 5*h, -2*d - 2*h + 3*h + 5 = 0. Suppose 4*x + 4225 = d*a, -3*x = 2*a - 2432 + 742. What is the hundreds digit of a?
8
Suppose -4*h = 4*j + 22 - 6, -4*h = 3*j + 16. What is the units digit of 379 - (h/(-10) - (-32)/20)?
7
Let y(g) = 557*g - 7755. What is the hundreds digit of y(35)?
7
Let f(l) = -l**2 + 162*l - 1259. What is the hundreds digit of f(118)?
9
Let c(x) = x**3 + 12*x**2 - 2*x - 24. Let o(d) = 2*d + 12. Let f be o(-12). Let k be c(f). Suppose k = b - 2*b + 251. What is the tens digit of b?
5
Let a be 2*(-14)/(56/30). What is the tens digit of (-91)/52*(13*a + -1)?
4
Let j = 98 + -94. Suppose 5*p - 3*p - j = 0. What is the units digit of ((-147)/p)/((-2)/4)?
7
Let x(w) = -32*w - 119. Let j be -9 - 13/(39/(-6)). What is the tens digit of x(j)?
0
Let y(u) = -3830*u - 8652. What is the ten thousands digit of y(-10)?
2
Suppose -84*z + 1814678 + 1602577 = 1095243. What is the thousands digit of z?
7
Suppose 6*y = 2*u + 2*y - 26, -5*y - 30 = -2*u. Let a = u - -6. Suppose 15*o = a*o + 124. What is the units digit of o?
1
Suppose 4*m = 2*x - 38668, -3*x - 7*m + 12*m + 58009 = 0. What is the units digit of x?
8
Let v(h) = -14*h. Let o be v(-12). Suppose -35*z = -31*z - o. What is the tens digit of z?
4
Let b = -11208 + 11210. Suppose -2*y + 4*p = -16, -4 = -0*p - 2*p. Suppose 0 = 3*g + y, -b*g - 2*g = -a + 128. What is the units digit of a?
2
Let a(d) = 843*d**2 - d - 6. Let x be a(-3). Suppose -4*j - 3*h + x = 0, 10*h - 8*h - 7588 = -4*j. What is the tens digit of j?
9
Suppose 4*j = 216*d - 220*d + 147652, 4*j = 2*d + 147670. What is the hundreds digit of j?
9
What is the thousands digit of (1322193/15)/(31/31) + 2/(-10)?
8
Suppose 70414 = 5*m + 4*q, 3*m - 2*q - 43249 = -983. What is the units digit of m?
6
Let r(c) = -149*c + 2. Let o be r(-2). Suppose 5*y = -3*h + o + 32, 4*h - 197 = -3*y. Suppose 6*b - y = 71. What is the units digit of b?
3
Let n(x) = 23*x**2 + 5*x + 35. What is the units digit of n(-18)?
7
Suppose -2*x - 4*n + 52 = 0, -4*x + 59 + 69 = 2*n. Suppose -x*t + 15916 = -39368. What is the hundreds digit of t?
6
Suppose 3*f - 24 = -j, 0 = -4*j - j + 3*f + 48. Suppose 3*o + 9 = -3*z, j = 5*z - o - 3. Suppose 52 = 2*r + z*r. What is the tens digit of r?
1
Suppose 5*i = -4*r + 15286 - 4172, 6*i + 8355 = 3*r. What is the tens digit of r?
8
Suppose 3333*d - 3335*d - n = -133135, -3*d - 5*n + 199727 = 0. What is the thousands digit of d?
6
Suppose -85*d + 26*d + 178862 = 24046. What is the hundreds digit of d?
6
Suppose 4*n - 24 = -s, 49 - 4 = 5*s + 5*n. Suppose -2*v + s + 0 = 0. Suppose 5*j - 795 = v*a, -3*j + 2*a = -236 - 245. What is the tens digit of j?
5
Let v(q) be the third derivative of -77*q**4/8 + 85*q**3/2 - 20*q**2. What is the units digit of v(-6)?
1
Suppose k + 11 = x, 3*k - k - 44 = -4*x. Suppose -x*h = -2080 - 1506. What is the tens digit of h?
2
Suppose -3*j + 120 = 2*j. Let i be 2 + j/(-30)*5/1. Let f(w) = -8*w**3 - 4*w**2 - 5*w - 5. What is the units digit of f(i)?
3
Let k(t) = -t**2 + 14*t - 12. Let l be k(9). Let f = l + -22. Let i = 112 + f. What is the hundreds digit of i?
1
Let o = 3356 - -2568. What is the tens digit of o?
2
Suppose 4*i - 3 = 5*n, -4*i - 3*n = -5*n + 6. What is the units digit of ((-2)/((-4)/i))/((-2)/28)?
1
Suppose 10 = -2*u, -l + 7102 = -5*u - 23468. What is the hundreds digit of l?
5
Let o(u) = -11*u**3 - 11*u**2 - 197. What is the tens digit of o(-9)?
3
Suppose 3*s - 115 = -331. Let b = s + 87. What is the units digit of b?
5
Let h be (-13242)/(-5) + (-20)/50. Suppose -19*v - h = -23*v. Let o = v - 456. What is the hundreds digit of o?
2
Suppose 20*i - 1694 = 6*i. Suppose 10*c - i = 2649. What is the tens digit of c?
7
Let o(f) = -f**3 + 70*f**2 - 130*f + 41. What is the tens digit of o(68)?
4
Let w = 16076 - -11394. What is the ten thousands digit of w?
2
Suppose -11*w + 227 - 150 = 0. Suppose -4*k = 5*j - 6266, 4*k = w*j - 4*j + 6282. What is the units digit of k?
9
Let z = 380 + -366. Suppose z*t - 766 = 12*t. What is the tens digit of t?
8
Let i = 1765 + 1748. What is the thousands digit of i?
3
Let y = 6818 - 2482. Suppose -79*i - y = -87*i. What is the tens digit of i?
4
Suppose -z - 1 = -3. Let b be (5/(-4))/(5/(-340)). Suppose 79 = z*k - b. What is the units digit of k?
2
Let h(o) = 4*o + 9. Let q(t) = -4*t - 9. Let f(p) = 4*h(p) + 5*q(p). Let g(c) = -c**2 - 1. Let m be g(-2). What is the units digit of f(m)?
1
Suppose 11*r - 4*r = 21. Suppose 0 = 3*n - 5*n + 2*f, r*n - 5 = -2*f. What is the units digit of 2/8 + 243/4 + n?
2
Let t(q) = -9504*q + 984. What is the ten thousands digit of t(-2)?
1
What is the thousands digit of (-24)/(-234)*13 - 24110/(-3)?
8
What is the tens digit of ((-7475255)/604)/(1/((-16)/10))?
0
Let t(j) = -20*j**3 - 4*j**2 - 9*j + 4. Suppose 3*v + 2*m + 20 = 0, 5*m = -14*v + 15*v - 16. What is the units digit of t(v)?
6
Suppose 0 = -4*m + 3*x + x, 3*m + 3*x = 0. Suppose 5*n - 2*v - 2790 = m, -v - 5 = -0. Suppose n = 4*t + 124. What is the units digit of t?
8
Let b = -9667 + 26230. What is the thousands digit of b?
6
Suppose -1714606 = -79*x + 824138. What is the ten thousands digit of x?
3
Suppose 245*y = 6321263 - 507903. What is the hundreds digit of y?
7
Let y = -1927 + 5760. What is the units digit of y?
3
Suppose 5*g + 4*y = 18000, 13*g = 9*g - 2*y + 14400. Let z = -1910 + g. What is the thousands digit of z?
1
Let r(a) = -3202*a**3 + 4*a**2 + 4*a - 4. Let t be r(-2). What is the units digit of (t/(-490))/(-1 - (-13)/14)?
2
Suppose 18*m - 8629845 = -43*m - 44*m. What is the ten thousands digit of m?
8
Let r(j) = -15*j**3 + 2*j**2 - 1. Let p be r(1). Let f = -2262 - -666. What is the units digit of f/p + 2/(4/(-2))?
3
Suppose 0 = -7*b - 756 + 140. Let j = b + 15. What is the tens digit of ((-2)/(-11) + 104/(-88))*j?
7
Let d be 0 + 501/45 + (-2)/15. Suppose -d = -7*t + 3. Suppose -t = 2*i, -7*p + 2*p - 3*i + 662 = 0. What is the units digit of p?
3
Let x(z) = -31*z**2 + 29*z**2 + 2 + 0*z + 2*z + 2*z**3 + 1. Let r be x(3). Let s = r - 40. What is the units digit of s?
5
Let y = -2 + 4. Suppose 11*s = 12*s - 2*n - 18, s + 3 = -n. Suppose -5*v + 651 = s*h - 82, -3*h = -y*v + 284. What is the tens digit of v?
4
Suppose 5*b - 92 - 38 = 0. Suppose -b = -5*i + 134. Let p = -4 + i. What is the tens digit of p?
2
Let r = -8 - -41. Let o = r + -15. What is the tens digit of 12/o + 434/6?
7
Suppose -21*b + 95*b = 1711768. What is the ten thousands digit of b?
2
Suppose 8*s - 13*s = 2*q + 226, 4*s - 2*q + 170 = 0. Let k(g) = -29*g + 381. What is the thousands digit of k(s)?
1
Let m = 262 - 257. Suppose -4*z - 932 = -o - 2*z, -o - m*z + 953 = 0. What is the hundreds digit of o?
9
Suppose -21*f + 514 = 52. Suppose -f*c + 17*c = -2255. What is the tens digit of c?
5
Let o(g) be the first derivative of 7*g**5/15 + g**4/8 - g**3/3 - 2*g**2 + 10. Let m(q) be the second derivative of o(q). What is the hundreds digit of m(3)?
2
Suppose -39*j - 8 = -40*j. Suppose -940 = j*d - 2804. What is the units digit of d?
3
Let p = -90 + 218. Suppose -4*g = 2*a - p, a + 4 = -0*a. Let j = 42 - g. What is the units digit of j?
8
Let d = -162 - -287. Suppose 5*v + 5*f = -0*f + d, -5*v = -3*f - 149. Suppose -v = -o + 17. What is the units digit of o?
5
Suppose 2*g = -j + 1213 + 9765, -3*j + 32914 = -4*g. What is the hundreds digit of j?
9
Suppose 0 = 40*w + 339042 - 1646842. What is the hundreds digit of w?
6
What is the units digit of (18/(-33))/((-92)/759)*(-9572)/(-3)?
8
Suppose -5*g + 3*q + 173576 = -82469, -2*g + 102414 = -2*q. What is the thousands digit of g?
1
Let w(p) = 42*p**3 - 3*p**2 + 7*p - 4. Let r be w(1). Suppose -7*v = -r - 728. What is the units digit of v?
0
Let q be (-3)/((-36)/(-4))*-2043. Let v = -486 + q. What is the hundreds digit of v?
1
Let r(m) = -105*m - 93. Let q be ((-10)/(-3) + -3)/(3/(-45)). What is the units d